004 - -5016. What is the highest common factor of 2184 and h?
12
Let j be ((-17574)/116)/((-9)/240). What is the greatest common divisor of j and 56?
8
Let v(z) = z**3 - 27*z**2 + z - 25. Let o be v(27). Suppose 3*u + 17 = o*f, -5*f - 2*u + 54 = 2*u. Calculate the highest common factor of f and 115.
5
Let l(h) = h**3 + 2. Let t be l(3). Suppose -5*w + 3*d - 3 = -7*w, -5*w + 3*d = 24. Let z be 322 - 5 - 1 - w. What is the highest common divisor of t and z?
29
Suppose -3 = x, 0 = -4*p - 4*x + 371 + 121. Let d be 178 - 21*-3*(-12)/p. What is the greatest common factor of 43 and d?
43
Suppose -307 - 1883 = -12*x + 6378. What is the highest common factor of 21 and x?
21
Let h be 8 + -6 - (-43*42 - 5). What is the greatest common divisor of 147 and h?
49
Suppose -72 = 318*k - 327*k. Calculate the greatest common factor of 100 and k.
4
Suppose k + 8 = -k, 3*y - k - 31 = 0. Let n be ((-25)/5 + -10)*(-30)/y. Let c = 39 + -19. What is the highest common factor of n and c?
10
Let u(n) = n**2 - 3*n + 28. Let a be u(-14). Let c be (-2 - -2 - 1) + 8. What is the highest common divisor of c and a?
7
Suppose -2*h = -4*v + 30 + 172, 89 = -h - 4*v. Let l = h - -109. Let t = 54 + -24. Calculate the highest common divisor of t and l.
6
Let t be 114/12*(-36 + 54). What is the greatest common divisor of t and 63?
9
Suppose 4*n + 2*i - 685 = 1513, 4*i = n - 572. What is the greatest common divisor of 184 and n?
184
Let g be (-149 + (-4)/1)/(-1). Let i = g - 102. Let t be (272/20)/((-3)/((-45)/6)). Calculate the greatest common divisor of t and i.
17
Suppose 4*g - 63 = -283. Let l = g - 46. Let t = -41 - l. What is the greatest common divisor of t and 24?
12
Let i be (6 - 25*-3) + (0 - 3). Suppose -3*k = -762 - 111. Suppose -4*v = -k + 83. Calculate the highest common factor of i and v.
26
Suppose 428 = 5*g + 153. Suppose -353*l + 2*o + 33 = -348*l, -l + 5*o + 25 = 0. What is the highest common divisor of l and g?
5
Let f(l) = l**3 - 15*l**2 + 2*l - 29. Let i be f(16). Let r be -5 + i + -8 - (-12)/4. Calculate the highest common divisor of r and 166.
83
Let a(o) = o**3 - 8*o**2 - 17*o + 26. Let h be a(10). Let u = 839 - 818. What is the greatest common divisor of h and u?
7
Let q(p) = -18*p + 46. Let l be q(-9). Suppose -215*u + 70 = -l*u. Calculate the greatest common divisor of 160 and u.
10
Suppose -2514*a + 498046 = -2483*a. Calculate the highest common factor of a and 831.
277
Let o = 24525 - 15201. What is the highest common factor of 108 and o?
36
Suppose 4*o + 160 + 293 = m, 1455 = 3*m + 4*o. Calculate the highest common factor of m and 2279.
53
Let k(o) = -o**3 - 5*o**2 - 7*o + 8. Let g be k(-5). Let m be (-59)/(-2) - (-15)/(-10). Let p = m - -58. What is the greatest common factor of g and p?
43
Suppose 28*f - 11*f - 204 = 0. Let j be (-222)/f*(-2 - 0/(-5)). Calculate the greatest common factor of j and 111.
37
Let s = -38 - -20. Let f(q) = 2*q**3 + 116*q**2 - 116*q + 79. Let x be f(-59). Let o = s - x. What is the highest common divisor of 14 and o?
7
Let z be (0 + (-18)/(-21))/(2/14). Let b(h) = h**3 - 4*h**2 + 16*h - 80. Let a be b(z). Calculate the greatest common factor of a and 8.
8
Let u be 3 + 9/3*-1 + -5. Let r be (-762)/(-10) - u/(-25). What is the highest common factor of 12 and r?
4
Suppose -75052 = -120*x + 40508. Calculate the greatest common divisor of x and 27.
9
Let v = -2127 - -2181. Calculate the greatest common divisor of 5454 and v.
54
Let m(n) be the first derivative of -n**2 + 14*n + 13. Let i = -48 + 33. Let x be m(i). Calculate the greatest common divisor of 4 and x.
4
Let z = -17394 + 17416. Calculate the greatest common divisor of z and 25421.
11
Let w(d) = 4*d**2 - 3*d - 5. Let p be w(-3). Let m = -39 + p. What is the highest common divisor of m and 5?
1
Let f = 1169 - -879. Calculate the greatest common factor of 32 and f.
32
Let c be (-2)/7 - (-9)/7. Let n be 3/(-3)*(c - 16). Let o(i) = 3*i**2 - 723*i + 7005. Let p be o(10). Calculate the highest common factor of n and p.
15
Let n = 312 - 294. Suppose 273 = -n*x + 31*x. What is the greatest common divisor of x and 9?
3
Let c(p) = -24*p + 2300. Let k be c(80). Calculate the highest common divisor of k and 513.
19
Let g(y) = -y + 32. Suppose 68 = j - 2*w, -2*j + 2*w + 0*w = -132. Let q = j - 51. Let k be g(q). What is the highest common divisor of k and 95?
19
Let o(f) = -25*f**2 + 1268*f - 37. Let y be o(37). What is the highest common factor of y and 38?
38
Suppose -1099*a + 1132*a - 196119 = 0. Calculate the greatest common factor of 84 and a.
21
Suppose 37965 = 14*u + 14193. What is the highest common divisor of u and 6?
6
Let o(w) = 1542*w**2 - 412*w - 5. Let t be o(-3). What is the greatest common factor of 29 and t?
29
Let a(y) = 3*y**3 - 5*y**2 + 5*y - 10. Let j be a(3). Suppose -j = -4*i + 3. What is the greatest common divisor of 11 and i?
11
Suppose 0 = 3*h - 0*h - 1806. Let a = -15199 - -15227. Calculate the highest common divisor of a and h.
14
Let a be 1/(-3) - 2414/102. Let p(f) = -f**2 - 30*f - 34. Let q be p(a). Calculate the highest common divisor of q and 44.
22
Let w = 339 - 334. Suppose 0 = -w*o + 230 + 330. Calculate the greatest common factor of 7 and o.
7
Suppose 16 = 12*y + 16. Suppose y = 6*j + j - 448. What is the greatest common divisor of j and 224?
32
Let k be (-3 + 2)*(0 + 2)*301/(-86). What is the highest common divisor of k and 7077?
7
Let d(l) = 170*l - 9. Let c be 6 + (-141)/27 - 6/(-27). Let u be d(c). What is the highest common divisor of u and 23?
23
Suppose -227198 = 63*f - 1801592 - 1171398. Calculate the greatest common divisor of 227 and f.
227
Let z(q) = -156*q - 4. Let f be (-2)/4 - 3/2. Let d be z(f). Calculate the greatest common factor of d and 28.
28
Let j = 12608 - 12606. Calculate the greatest common factor of 53 and j.
1
Suppose 4*l - 3*z = 2334, -72 + 82 = 5*z. Calculate the highest common divisor of l and 715.
65
Let y = 2793 + -2778. What is the greatest common divisor of y and 17325?
15
Let p(n) = -3*n - 8. Let x be p(-4). Suppose 0 = 2*g - j - x*j - 551, -j = -4*g + 1057. Let s = g + -159. Calculate the greatest common factor of s and 26.
26
Let i(s) = s + 2. Let k be i(-8). Let h be (k*(-5)/30)/((-2)/(-24)). Suppose v + 56 = 3*o + 8, -v = 0. Calculate the greatest common divisor of o and h.
4
Suppose -716 = 112*x - 116*x. Let g = x + 10. What is the highest common divisor of 21 and g?
21
Suppose -3*f - 5*m + 297 = 0, 11*m = -f + 10*m + 99. Calculate the highest common factor of 2838 and f.
33
Suppose 0 = -105*g + 114*g - 1404. Calculate the highest common divisor of g and 9516.
156
Let s = -107 + 144. Suppose -32*k - 20 = -s*k. Let i be (72/(-14))/(k*7/(-98)). Calculate the highest common divisor of i and 27.
9
Let r be (-22)/(-6) + (-2)/(-6). Suppose 0 = -672*l + 668*l + 4*h + 280, 0 = 2*l + 3*h - 130. Calculate the greatest common divisor of l and r.
4
Suppose 304 = -42*k + 4*k. Let o be 966/92*k/(-14). Calculate the greatest common factor of o and 87.
3
Let h = 35 - 9. Let s = 14 - -1. Let c be (117/s)/((-2)/(-10)). What is the highest common factor of c and h?
13
Let f be (-738)/(-164) - (-1 + (-46221)/6). What is the greatest common divisor of f and 13?
13
Let z(g) be the third derivative of g**5/30 + 7*g**4/24 - g**3/3 + g**2 - 74. Let f be z(-4). What is the greatest common factor of 22 and f?
2
Let s = -1 - -78. Let m(z) = -12*z - 168. Let v be m(-16). Suppose 0 = -5*b + 3*u + 26, 2*b - 5*b - u = -v. Calculate the highest common divisor of b and s.
7
Suppose 2*i - 44 = -9*i. Let u be (-10775)/(-325) - i/26. Calculate the highest common factor of u and 6.
3
Let x(n) = -n**2 + 12*n + 108. Let l be x(0). What is the highest common factor of 216 and l?
108
Let x(r) = -573*r + 13767. Let s be x(23). What is the highest common divisor of 2450 and s?
98
Let c(m) = -m**2 + 11*m - 23. Let r be c(6). Let z = -8 + 14. Suppose z*l - 42 = 4*l. Calculate the greatest common factor of l and r.
7
Let w = 214 - -217. Let c = 655 - w. Calculate the highest common divisor of c and 28.
28
Let i be (473382/(-1785))/(6/(-20)). Calculate the highest common factor of i and 260.
52
Let y = -219 - -222. Suppose -8*n + 1748 = -y*n - 4*s, 1420 = 4*n + 4*s. What is the highest common factor of 44 and n?
44
Suppose -l - 4*q = 18 - 14, 2*l +